 51. Let a be y(b). Suppose 15 = -2*j + a. Determine n(j).
-11
Let p(l) = 14*l - 12. Let z(i) = 3 + 0 + 3 + 2 - i - 5. Let b(g) = -p(g) - 4*z(g). Calculate b(-4).
40
Let k(n) be the second derivative of 0 + 2/3*n**4 - 2*n**2 + 676*n - 1/20*n**5 + 1/6*n**3. Suppose 0*a + 4*a - 32 = 0. Give k(a).
4
Let j(m) = m**3 - 12*m**2 + 7*m. Let x(o) = 4*o**2 + 6*o + 13. Let b be x(-1). What is j(b)?
-44
Let v(t) = t**3 + 27*t**2 - 98*t - 244. Let x be v(-30). Let l(p) = 10*p**2 + 2*p - 2. Calculate l(x).
150
Suppose -2*k - 12 = -7*k + 2*z, 3*k - 5*z = 11. Suppose -y - 4*y - 4*s + 5 = 0, -4*y + k*s + 30 = 0. Let p(d) = 3 + 7 - 19 + y - d. Calculate p(-2).
-2
Let s(r) = 0*r**3 + r**3 + 4*r**3 - 3*r**2 + 3*r - 6*r**3 + 5. Let y = -1477 + 1473. Give s(y).
9
Let p be (-1 - 51/21)/(84/294). Let j(d) = -d**3 - 11*d**2 + 7*d - 40. Calculate j(p).
20
Let t(l) = -16*l**2 + 5*l**3 + 3 - 425*l + 414*l - 7*l**3 + 7. Determine t(-7).
-11
Let c(n) be the first derivative of -3 - 2*n + 1/2*n**2. Let z(h) = 9*h + 162. Let a be z(-18). What is c(a)?
-2
Let f = -31 - 83. Let c be (f/30 + 5)/((-2)/5). Let s(l) = -l**2 - 3. Calculate s(c).
-12
Let r(j) = j**2 - 2*j + 2. Suppose 0 = 5*f + 25, 3*f = -19*b + 22*b - 24. Give r(b).
5
Let b(k) be the third derivative of k**3 - 1/120*k**6 + 3*k + 5/24*k**4 - 15*k**2 + 0 - 1/12*k**5. Give b(-6).
12
Let g(i) = i + 11. Suppose 4*l = 16, -3*l - 7 = -2*z - 37. Let s be g(z). Suppose -s*o + 0*o - 4 = 0. Let a(d) = -d**3 - 2. Give a(o).
6
Let n(t) = -t**3 - 28*t**2 + 28*t - 5. Let q be n(-29). Let l be q/12 + -12 + 1. Let v(a) = -a**3 - 9*a**2 + a + 1. What is v(l)?
-8
Let f(i) = -1528347 + 5*i + 764176 - i**3 + 5*i**2 + 764179. Determine f(6).
2
Let f(a) = a + 6. Let j(x) = 5*x**3 + x**2 + 13*x - 13. Let b be j(1). Determine f(b).
12
Let j(s) = 9*s - 88. Let q be j(10). Let o(i) = 22*i**2 - 4*i - 18*i**q + 0*i + 2*i**3 - i**3 + 2. What is o(-5)?
-3
Let c(t) = 3*t - 32*t**2 + 29*t**2 - t**3 + 3 + 0. Let g(y) = -y**2 - 2*y + 1. Let k(z) = z + 17. Let f be k(-20). Let n be g(f). Give c(n).
-7
Let g = -9158 - -9158. Let j(s) be the second derivative of 5/12*s**4 - 1/2*s**3 + s**2 - 18*s + g. What is j(2)?
16
Suppose -753*b - 354 = -812*b. Let u(y) = y**2 - 2*y - 29. Give u(b).
-5
Let n(z) = 6 - 729*z**2 - 3*z**3 + 2*z**3 + 373*z**2 - 4*z + 361*z**2. Give n(4).
6
Let y(q) be the second derivative of -q**4/12 - 4*q**3/3 - 3*q**2 - 186*q. Let i be ((-8)/(-16))/(3/180). Let h be (36/i)/((-4)/20). Determine y(h).
6
Let i(h) = h**3 - 9*h**2 + 2*h - 9. Suppose 0 = 3*m + j - 623, -3*j = 6*m - 7*m + 201. Suppose m*x = 216*x - 81. Give i(x).
9
Suppose g + 3*q + 54 = 53, -3*q = 8*g - 13. Let h(f) = -8*f**3 + 4*f - 3. Calculate h(g).
-59
Let t(s) = s**3 - 38*s**2 - 71*s - 365. Let x be t(40). Let d(b) = b**3 + 5*b**2 + 11*b + 53. What is d(x)?
-2
Let h(u) = -5*u**3 - 16*u**2 + 14*u. Let v(m) = -47*m**3 - 146*m**2 + 126*m. Let x(l) = 19*h(l) - 2*v(l). Give x(-13).
-13
Let q(j) = j + 14. Let m = 2068 + -2076. Give q(m).
6
Let h(m) be the second derivative of -m**6/144 - m**5/40 + 5*m**4/4 + 24*m. Let t(o) be the third derivative of h(o). Determine t(-2).
7
Let j(c) = 2*c**2 - 6*c + 2. Let a be j(3). Let q(h) = -h**3 - 2*h**2 + 3 + 4*h**a - h**2 - h - 4. Let i(y) = y**3 - 2*y**2 - 2*y. Let m be i(3). Give q(m).
-22
Let c(w) be the first derivative of w**4/4 - 5*w**3/3 - 7*w**2/2 - 16*w - 12165. Determine c(8).
120
Let f(y) = -y - 64 + 5*y**2 - 60 - 11*y**3 - 4*y**2 - 3*y**2 + 121. Let o(n) = -6*n**3 - n - 4*n**3 + 4 - 6 - 2*n**2. Let b(h) = -2*f(h) + 3*o(h). Give b(-1).
7
Let q(j) = -4*j**3 - 184 + 5*j**3 + 262 - 3*j**2 - 24*j. Let x be q(3). Let b(t) = -3*t + 11. Calculate b(x).
-7
Let t(r) = r**2 - 30*r - 42. Let j(f) = -f**2 + 43*f + 43. Let g(k) = 3*j(k) + 4*t(k). Give g(-12).
-3
Let k(l) be the third derivative of -1/12*l**4 + 108*l**2 + 0*l + 1/60*l**5 + 1/6*l**3 + 0. What is k(3)?
4
Let n = 164 + -158. Let z(k) = -11*k**2 - 5*k + 4. Let h(w) = -2*w**2 + 1. Let g(c) = n*h(c) - z(c). Determine g(6).
-4
Let u = -33 + 63. Let o = u + -60. Let c be 3 + o/12 + 22/4. Let w(j) = -j**2 + 5*j - 1. What is w(c)?
-7
Let h(z) = 1115*z**2 + 3347*z + 6. Let a be h(-3). Let i(g) = 2*g**2 + 3*g - 2. What is i(a)?
-2
Let p(d) = -d**2 + 6*d - 4. Let k(c) = 108 - 7*c - 51 - 92. Let m be k(-6). What is p(m)?
-11
Let h(l) be the third derivative of 7*l**4/24 - l**3/3 + 252*l**2. Calculate h(-7).
-51
Let f(a) = -a**3 - 31*a**2 + 103*a + 39. Let y be f(-34). Suppose -3*w - 3*m = 9, 0*w - 5*m = -5*w - y. Let u(p) = -3*p**3 - p**2 + 2*p. Determine u(w).
16
Suppose -5*q = -3*v + 6*v + 7, -v - 5*q = -1. Suppose 0 = 3*k - 5*f + 2*f, -4*f = -2*k - 2. Let s(i) = -2 - k - 2 - 2*i + 0*i. Determine s(v).
3
Let u(d) be the first derivative of -d**3/3 - 11*d**2/2 + 16*d - 9009. Determine u(-7).
44
Let b(l) = -2*l**3 - 3*l**2 + 88*l - 40. Let o(r) = r**3 + r**2 - 42*r + 20. Let j(n) = 6*b(n) + 13*o(n). Calculate j(7).
-8
Suppose -y - 31 = -130*z + 127*z, 0 = -3*z - 2*y + 46. Let l(f) = 2*f - 14. What is l(z)?
10
Let q(c) = 7*c - c**3 + 5 + 251*c**2 - 160*c**2 - 94*c**2. Let s(z) = z - 13. Let f be s(9). Give q(f).
-7
Let x(d) = d - 3. Let l = 1 + 165. Suppose 0 = 4*b + 14 + l. Let y = b + 54. Determine x(y).
6
Let x(q) be the third derivative of -q**5/60 + 7*q**4/12 - 23*q**3/3 - 1645*q**2. What is x(7)?
3
Let v = 88 + -99. Let n(h) = -h**2 - 10*h - 8. Calculate n(v).
-19
Suppose -2*z - 6 = z. Let l be 1/(z - 11/(-6)). Let u(q) be the third derivative of q**5/60 + 5*q**4/24 - 2*q**3/3 - 76*q**2 + 11. Give u(l).
2
Let i(v) = -42*v + 573. Let j be i(14). Let g(l) = l - l**2 - 14*l + 6 - 2*l. Give g(j).
6
Let r(f) = -f**2 - 5*f - 17. Let b = -3920 - -3916. Calculate r(b).
-13
Let m(z) be the first derivative of z**3/3 - 15*z**2/2 + 16*z - 5983. What is m(11)?
-28
Let v(u) = 2*u**2 + 83 - 32 - 27 - 22 + 3*u. Let d(g) be the second derivative of -g**4/12 + g**3/6 + 2*g**2 + 2*g. Let o be d(3). Determine v(o).
4
Let q(n) = -7 + 3 - 2 - 3*n - n**2. Suppose 0 = 8*i + 56 - 24. What is q(i)?
-10
Let h(z) = -13*z**2 - 7*z + 140. Let q(r) = 6*r**2 + 3*r - 64. Let g(a) = 4*h(a) + 9*q(a). What is g(4)?
12
Let k(r) = -38*r**2 + 144*r**2 - 9 + r - 107*r**2 - 4*r - 2*r - 2*r. Let j(x) = -6*x + 1. Let y be j(1). Give k(y).
1
Let p(v) = -8037*v + 16095*v - 8030*v + 479. Calculate p(-17).
3
Let g(b) = 4 + 1 - 2*b**2 + 9*b + 3*b**2. Let v be (-4)/54 + (-22)/(-297). Suppose v = -5*p + 20, 11*s + 3*p = 7*s - 20. Determine g(s).
-3
Let g(v) = -7*v**2 - 18*v + 102. Let c(j) = 2*j - 5. Let h(s) = 19*c(s) + g(s). Determine h(3).
4
Let b(x) = 76*x - 1148. Let h(f) = -15*f + 209. Let o(c) = 2*b(c) + 11*h(c). Calculate o(-6).
81
Let y(g) be the second derivative of g**5/12 + g**4/24 + g**3/6 - 92*g**2 - 182*g. Let v(i) be the first derivative of y(i). Give v(-1).
5
Let w(i) = -2*i**3 - i**2 + 2*i - 1. Suppose -105 = -0*z + 2*z + g, -4*g = z + 70. Let c be (-121*(-8)/56 - 7)/(9/42). Let y = c + z. Determine w(y).
7
Let f(t) be the first derivative of t**3/3 + 9*t**2 - 6*t + 5489. Give f(-8).
-86
Let a be (-5)/2 + (-18)/36 + 5. Let p(k) = -3 + 16 - k - 2 - 4 - a. Calculate p(-14).
19
Let z = 2109 - 2101. Let s(x) = -x**2 + 5*x - 7. Calculate s(z).
-31
Let w be 12/(-9) - (-5)/(60/28). Let d(k) = 2 - k**2 + 2*k**2 - w + k**2 - k**2 - 3*k. Let i(g) = g**2 - 7*g + 2. Let s be i(7). Determine d(s).
-1
Let o(y) = -6*y - 15. Let p(w) = w + 88. Let g be p(-94). What is o(g)?
21
Let u(i) = i**2 + 11*i + 6. Let b(h) = 4*h**2 + 33*h + 28. Let k(c) = 2*b(c) - 7*u(c). Calculate k(8).
-10
Let o(i) = -i - 6. Let u be o(-4). Let v(k) = k**2 - 7*k + 7. Let a(t) = -2*t**2 + 7*t - 7. Let s(g) = u*a(g) - 3*v(g). Give s(-9).
11
Let h(q) = -16 + 11 + 9*q**2 + 39*q + 3*q**3 - 2*q**3 - 31*q. Determine h(-8).
-5
Let z(p) = p**2 + 88*p + 1941. Let u be z(-43). Let j(c) = c**2 - 9*c + 21. Give j(u).
3
Suppose -17*n + 0*n = -11*n + 132. Let m(u) = -u**2 - 25*u - 15. Determine m(n).
51
Let l(w) = 15*w - 136. Let m = 19121 - 19112. Determine l(m).
-1
Let n(p) = -2*p**3 + 5*p**2 - 2*p - 1. Let r be 6 - (-27 - (-11 + 4)). Suppose 9*k - 1 = r. What is n(k)?
-16
Let f = 4742 - 4750. Let d(u) = -u**3 - 6*u**2 + 10*u + 6. Calculate d(f).
54
Let c be ((-150)/(-8) - 1)*-4. Let f = c + 112. Let r = 41 - f. Let g(t) = t**3 - t**2 - t - 6. What is g(r)?